 a multiple of 13?
False
Does 48 divide 2112?
True
Does 2 divide 3814?
True
Is 168 a multiple of 20?
False
Is 6 a factor of 36570?
True
Is 56 a multiple of 7?
True
Does 17 divide 280?
False
Is 2 a factor of 303?
False
Does 90 divide 360?
True
Is 7449 a multiple of 261?
False
Is 67 a multiple of 3?
False
Does 128 divide 4992?
True
Is 7 a factor of 40801?
False
Is 15457 a multiple of 29?
True
Is 2 a factor of 301?
False
Does 49 divide 9845?
False
Is 610 a multiple of 10?
True
Is 78 a factor of 43680?
True
Does 9 divide 2664?
True
Does 17 divide 2485?
False
Does 38 divide 190?
True
Is 17178 a multiple of 42?
True
Does 26 divide 17290?
True
Is 7296 a multiple of 128?
True
Is 40 a factor of 400?
True
Does 183 divide 6588?
True
Does 9 divide 448?
False
Is 57 a factor of 566?
False
Is 1424 a multiple of 118?
False
Is 95 a factor of 10736?
False
Does 34 divide 44672?
False
Does 14 divide 7896?
True
Is 1325 a multiple of 17?
False
Is 16 a factor of 1087?
False
Does 28 divide 1064?
True
Does 155 divide 24525?
False
Is 246 a multiple of 12?
False
Is 1345 a multiple of 17?
False
Is 7982 a multiple of 50?
False
Is 4470 a multiple of 38?
False
Is 11980 a multiple of 16?
False
Is 1301 a multiple of 25?
False
Is 10 a factor of 81893?
False
Is 2544 a multiple of 16?
True
Is 26106 a multiple of 57?
True
Is 23449 a multiple of 131?
True
Does 32 divide 672?
True
Does 41 divide 8229?
False
Does 20 divide 360?
True
Is 12 a factor of 695?
False
Does 139 divide 6255?
True
Is 54 a factor of 415?
False
Is 19 a factor of 12654?
True
Is 638 a multiple of 11?
True
Is 9 a factor of 162?
True
Is 95 a factor of 128?
False
Is 75 a factor of 5212?
False
Is 2395 a multiple of 19?
False
Does 19 divide 17849?
False
Is 3510 a multiple of 73?
False
Is 4356 a multiple of 43?
False
Does 5 divide 20060?
True
Does 101 divide 46662?
True
Is 63584 a multiple of 17?
False
Does 15 divide 1455?
True
Is 529 a multiple of 23?
True
Is 3830 a multiple of 43?
False
Is 57428 a multiple of 49?
True
Is 21 a factor of 84?
True
Is 36221 a multiple of 29?
True
Does 90 divide 2700?
True
Is 32 a factor of 4178?
False
Does 128 divide 2385?
False
Does 17 divide 9369?
False
Is 20 a factor of 32802?
False
Is 16 a factor of 6960?
True
Is 15 a factor of 327?
False
Is 5 a factor of 5636?
False
Is 8 a factor of 99?
False
Is 1760 a multiple of 16?
True
Is 2025 a multiple of 91?
False
Is 77 a factor of 1309?
True
Is 36 a factor of 288?
True
Does 9 divide 364?
False
Is 160 a factor of 25760?
True
Is 60 a factor of 1680?
True
Is 8090 a multiple of 275?
False
Does 78 divide 312?
True
Is 3432 a multiple of 132?
True
Is 6 a factor of 183?
False
Is 216 a multiple of 12?
True
Is 440 a multiple of 20?
True
Is 163 a multiple of 6?
False
Is 2610 a multiple of 6?
True
Does 27 divide 2042?
False
Is 55 a factor of 44051?
False
Is 47 a factor of 6913?
False
Is 972 a multiple of 12?
True
Is 1002 a multiple of 3?
True
Is 1009 a multiple of 75?
False
Does 60 divide 7200?
True
Does 136 divide 42024?
True
Does 67 divide 19631?
True
Does 29 divide 3741?
True
Is 2616 a multiple of 39?
False
Is 13 a factor of 2947?
False
Does 222 divide 29817?
False
Is 83 a multiple of 34?
False
Does 138 divide 1794?
True
Does 15 divide 191?
False
Does 12 divide 3864?
True
Is 1173 a multiple of 5?
False
Is 225 a factor of 4992?
False
Is 6367 a multiple of 6?
False
Is 146 a factor of 1738?
False
Is 116 a factor of 1972?
True
Is 816 a multiple of 48?
True
Is 4158 a multiple of 19?
False
Is 17154 a multiple of 18?
True
Is 11 a factor of 2417?
False
Is 86 a multiple of 14?
False
Is 45 a factor of 4841?
False
Does 34 divide 37910?
True
Is 983 a multiple of 17?
False
Is 308 a multiple of 14?
True
Is 38 a factor of 988?
True
Is 14 a factor of 17836?
True
Is 1904 a multiple of 11?
False
Does 16 divide 905?
False
Is 6219 a multiple of 118?
False
Is 1009 a multiple of 7?
False
Does 30 divide 7050?
True
Is 22229 a multiple of 35?
False
Does 11 divide 3080?
True
Is 12006 a multiple of 39?
False
Does 14 divide 38864?
True
Is 12 a factor of 4296?
True
Does 18 divide 34834?
False
Is 12 a factor of 5376?
True
Is 963 a multiple of 9?
True
Is 8 a factor of 1345?
False
Does 84 divide 609?
False
Is 825 a multiple of 25?
True
Is 138 a factor of 1518?
True
Is 9881 a multiple of 16?
False
Does 33 divide 1392?
False
Is 56 a factor of 93?
False
Is 28 a factor of 2249?
False
Does 78 divide 13932?
False
Is 25 a factor of 6025?
True
Is 18527 a multiple of 51?
False
Is 21 a factor of 177723?
True
Is 103 a multiple of 4?
False
Is 6625 a multiple of 64?
False
Is 21 a factor of 65499?
True
Is 575 a multiple of 15?
False
Is 21 a factor of 483?
True
Is 25 a factor of 1499?
False
Is 163 a factor of 2771?
True
Is 188 a factor of 24628?
True
Is 172 a factor of 6990?
False
Does 89 divide 1424?
True
Is 124 a factor of 23560?
True
Does 25 divide 3186?
False
Is 74 a factor of 3552?
True
Is 583 a multiple of 54?
False
Is 13 a factor of 604?
False
Does 48 divide 8400?
True
Is 15270 a multiple of 10?
True
Does 2 divide 1848?
True
Is 128 a factor of 3600?
False
Is 24990 a multiple of 7?
True
Is 5951 a multiple of 85?
False
Does 61 divide 6344?
True
Is 24 a factor of 24096?
True
Is 25 a factor of 775?
True
Does 6 divide 6581?
False
Is 680 a multiple of 5?
True
Is 63 a factor of 310?
False
Is 24 a factor of 488?
False
Does 19 divide 1106?
False
Does 136 divide 11152?
True
Does 6 divide 378?
True
Is 29 a factor of 5090?
False
Does 14 divide 31696?
True
Is 147 a factor of 73990?
False
Is 2430 a multiple of 2?
True
Is 16905 a multiple of 35?
True
Is 30 a factor of 2449?
False
Is 5238 a multiple of 37?
False
Does 12 divide 666?
False
Does 30 divide 19179?
False
Is 3 a factor of 978?
True
Is 1575 a multiple of 45?
True
Is 6 a factor of 1190?
False
Is 221 a factor of 40001?
True
Does 14 divide 1740?
False
Does 48 divide 3648?
True
Does 21 divide 2709?
True
Is 2858 a multiple of 6?
False
Is 874 a multiple of 14?
False
Does 10 divide 6970?
True
Does 62 divide 62970?
False
Does 4 divide 1248?
True
Does 53 divide 1802?
True
Is 7698 a multiple of 3?
True
Is 21 a factor of 10248?
True
Does 9 divide 20331?
True
Is 17 a factor of 106?
False
Is 5130 a multiple of 38?
True
Is 315 a multiple of 9?
True
Does 3 divide 91?
False
Does 4 divide 22894?
False
Is 27833 a multiple of 38?
False
Is 420 a factor of 59640?
True
Is 11786 a multiple of 71?
True
Is 113 a factor of 37516?
True
Does 16 divide 639?
False
Is 7 a factor of 658?
True
Is 2527 a multiple of 19?
True
Does 16 divide 375?
False
Does 61 divide 43920?
True
Does 9 divide 180?
True
Is 10 a multiple of 2?
True
Does 63 divide 866?
False
Does 12 divide 1976?
False
Is 1112 a multiple of 130?
False
Does 13 divide 1404?
True
Is 2329 a multiple of 13?
False
Does 74 divide 2529?
False
Does 7 divide 189?
True
Is 22949 a multiple of 96?
False
Is 11832 a multiple of 17?
True
Is 163 a factor of 4381?
False
Does 3 divide 653?
False
Is 880 a multiple of 22?
True
Is 41 a factor of 1640?
True
Is 15 a factor of 149970?
True
Is 28 a factor of 7152?
False
Is 5382 a multiple of 46?
True
Does 55 divide 9240?
True
Does 75 divide 2775?
True
Does 2 divide 1847?
False
Is 25 a factor of 32711?
False
Is 107 a factor of 2568?
True
Does 7 divide 5202?
False
Is 2484 a multiple of 46?
True
Is 17 a factor of 744?
False
Is 14 a factor of 29806?
True
Does 112 divide 40773?
False
Is 85 a factor of 187?
False
Is 10524 a multiple of 12?
True
Is 207 a factor of 46989?
True
Is 1562 a multiple of 22?
True
Does 5 divide 2325?
True
Is 13046 a multiple of 22?
True
Does 5 divide 415?
True
Is 62 a factor of 6262?
True
Is 25 a factor of 28275?
True
Does 82 divide 30177?
False
Is 638 a multiple of 2?
True
Is 3 a factor of 11305?
False
Does 12 divide 9357?
False
Is 36 a factor of 2168?
False
Does 95 divide 2945?
True
Is 3811 a multiple of 72?
False
Does 2 divide 72?
True
Is 14050 a multiple of 13?
False
Is 139749 a multiple of 7?
False
Is 133 a factor of 33455?
False
Is 30 a factor of 5400?
True
Is 5 a factor of 273?
False
Is 14 a factor of 63?
False
Is 298 a multiple of 3?
False
Does 31 divide 1900?
False
Is 10 a factor of 71180?
True
Is 10 a factor of 2330?
True
Is 57 a factor of 475?
False
Is 78 a factor of 4758?
True
Is 263 a multiple of 19?
False
Is 852 a multiple of 20?
False
Is 619 a multiple of 